{"id":1066,"date":"2020-12-07T22:45:32","date_gmt":"2020-12-07T21:45:32","guid":{"rendered":"http:\/\/www.avenyproduction.se\/ytskyddsakademienold\/?page_id=1066"},"modified":"2023-01-13T21:36:31","modified_gmt":"2023-01-13T20:36:31","slug":"innovativa-foretag","status":"publish","type":"page","link":"http:\/\/www.avenyproduction.se\/ytskyddsakademienold\/innovativa-foretag\/","title":{"rendered":"Innovativa f\u00f6retag"},"content":{"rendered":"\n<style type=\"text\/css\" data-created_by=\"avia_inline_auto\" id=\"style-css-av-dbj9c-b8f116440f8049cb6ef74f70de98d993\">\n.flex_column.av-dbj9c-b8f116440f8049cb6ef74f70de98d993{\nborder-radius:0px 0px 0px 0px;\npadding:0px 0px 0px 0px;\n}\n<\/style>\n<div  class='flex_column av-dbj9c-b8f116440f8049cb6ef74f70de98d993 av_one_fifth  avia-builder-el-0  el_before_av_three_fifth  avia-builder-el-first  first no_margin flex_column_div av-zero-column-padding  '     ><\/div>\n\n<style type=\"text\/css\" data-created_by=\"avia_inline_auto\" id=\"style-css-av-31op-9baa13f50e03ce0ac0964ebb698eb950\">\n.flex_column.av-31op-9baa13f50e03ce0ac0964ebb698eb950{\nborder-radius:0px 0px 0px 0px;\npadding:0px 0px 0px 0px;\n}\n<\/style>\n<div  class='flex_column av-31op-9baa13f50e03ce0ac0964ebb698eb950 av_three_fifth  avia-builder-el-1  el_after_av_one_fifth  el_before_av_one_fifth  no_margin flex_column_div av-zero-column-padding  '     ><p>\n<style type=\"text\/css\" data-created_by=\"avia_inline_auto\" id=\"style-css-av-211hbe-d637a2f6d85359c4fa36dbb3a9221b62\">\n#top .av-special-heading.av-211hbe-d637a2f6d85359c4fa36dbb3a9221b62{\npadding-bottom:10px;\n}\nbody .av-special-heading.av-211hbe-d637a2f6d85359c4fa36dbb3a9221b62 .av-special-heading-tag .heading-char{\nfont-size:25px;\n}\n.av-special-heading.av-211hbe-d637a2f6d85359c4fa36dbb3a9221b62 .av-subheading{\nfont-size:15px;\n}\n\n@media only screen and (max-width: 479px){ \n#top #wrap_all .av-special-heading.av-211hbe-d637a2f6d85359c4fa36dbb3a9221b62 .av-special-heading-tag{\nfont-size:25px;\n}\n}\n<\/style>\n<div  class='av-special-heading av-211hbe-d637a2f6d85359c4fa36dbb3a9221b62 av-special-heading-h1 blockquote modern-quote modern-centered  avia-builder-el-2  el_before_av_hr  avia-builder-el-first '><h1 class='av-special-heading-tag'  itemprop=\"headline\"  >Innovativa f\u00f6retag<\/h1><div class=\"special-heading-border\"><div class=\"special-heading-inner-border\"><\/div><\/div><\/div><br \/>\n\n<style type=\"text\/css\" data-created_by=\"avia_inline_auto\" id=\"style-css-av-k9i8moh2-0fc8c407daa66c14dbfd667ca13f3430\">\n#top .hr.av-k9i8moh2-0fc8c407daa66c14dbfd667ca13f3430{\nmargin-top:15px;\nmargin-bottom:30px;\n}\n.hr.av-k9i8moh2-0fc8c407daa66c14dbfd667ca13f3430 .hr-inner{\nwidth:75px;\nborder-color:#55b776;\n}\n<\/style>\n<div  class='hr av-k9i8moh2-0fc8c407daa66c14dbfd667ca13f3430 hr-custom  avia-builder-el-3  el_after_av_heading  el_before_av_textblock  hr-center hr-icon-no'><span class='hr-inner inner-border-av-border-fat'><span class=\"hr-inner-style\"><\/span><\/span><\/div><br \/>\n<section  class='av_textblock_section av-kb5ezr4z-09b12cbcd8e7a37ea37938141452b184 '   itemscope=\"itemscope\" itemtype=\"https:\/\/schema.org\/CreativeWork\" ><div class='avia_textblock'  itemprop=\"text\" ><p style=\"text-align: center;\">Innovativa f\u00f6retag som investerat tid och pengar f\u00f6r att \u00f6ka kunskapen hos sin personal f\u00f6r att kunna\u00a0arbeta med den b\u00e4sta m\u00f6jliga renovering och ytskydd av utrustningar och konstruktioner i betong och metall.<\/p>\n<\/div><\/section><\/p><\/div>\n<style type=\"text\/css\" data-created_by=\"avia_inline_auto\" id=\"style-css-av-b9b6w-b70515f8064d4e77a4ebb9805484799d\">\n.flex_column.av-b9b6w-b70515f8064d4e77a4ebb9805484799d{\nborder-radius:0px 0px 0px 0px;\npadding:0px 0px 0px 0px;\n}\n<\/style>\n<div  class='flex_column av-b9b6w-b70515f8064d4e77a4ebb9805484799d av_one_fifth  avia-builder-el-5  el_after_av_three_fifth  el_before_av_section  avia-builder-el-last  no_margin flex_column_div av-zero-column-padding  '     ><\/div><\/p>\n<\/div><\/div><\/div><!-- close content main div --><\/div><\/div><div id='av_section_1'  class='avia-section av-6psiy-2457cce9bae9c9bd8e786fd81fed0c70 main_color avia-section-default avia-no-border-styling  avia-builder-el-6  el_after_av_one_fifth  avia-builder-el-last  avia-bg-style-scroll container_wrap sidebar_left'  ><div class='container av-section-cont-open' ><div class='template-page content  av-content-small units'><div class='post-entry post-entry-type-page post-entry-1066'><div class='entry-content-wrapper clearfix'>\n<div  class='avia-testimonial-wrapper av-lcdo2f3t-734a1486e7d33c0c2188646eacbb5559 avia-grid-testimonials avia-grid-2-testimonials avia_animate_when_almost_visible av-minimal-grid-style av-boxed-grid-style' >\n<section class=\"avia-testimonial-row\"><div class='avia-testimonial av-lcdnxh2g-8b77628c8d3000ea5f95109a856119c0 avia-testimonial-row-1 avia-first-testimonial flex_column no_margin av_one_half'><div class='avia-testimonial_inner'  itemscope=\"itemscope\" itemtype=\"https:\/\/schema.org\/CreativeWork\" ><div class='avia-testimonial-content '><div class='avia-testimonial-markup-entry-content'  itemprop=\"text\" ><p>\u201cDistansutbildningen har varit ett utm\u00e4rkt s\u00e4tt att f\u00f6rdjupa kunskapen om reparations\u00e5tg\u00e4rder. Att b\u00e4ttre k\u00e4nna till vilka produkter och metoder som finns, hur de fungerar och hur kostnadseffektiva de \u00e4r. Det \u00e4r viktig kunskap n\u00e4r vi rekommenderar om en konstruktion t.ex skall repareras eller rivas. M\u00f6jligheten att sj\u00e4lv kunna p\u00e5verka inneh\u00e5llet uppskattas mycket, vilket m\u00f6jligg\u00f6r effektiv kunskapsf\u00f6rmedling inom omr\u00e5den som \u00e4r relevanta f\u00f6r just v\u00e5r verksamhet. Kontaktn\u00e4tet som skapats kan vara en viktig grund f\u00f6r eventuella samarbeten med andra konsulter och entrepren\u00f6rer i framtida uppdrag.\u201d<\/p>\n<p><img decoding=\"async\" loading=\"lazy\" class=\"alignnone wp-image-1067\" src=\"http:\/\/www.avenyproduction.se\/ytskyddsakademienold\/wp-content\/uploads\/2020\/12\/elu_logo-495x333.png\" alt=\"\" width=\"100\" height=\"67\" srcset=\"http:\/\/www.avenyproduction.se\/ytskyddsakademienold\/wp-content\/uploads\/2020\/12\/elu_logo-495x333.png 495w, http:\/\/www.avenyproduction.se\/ytskyddsakademienold\/wp-content\/uploads\/2020\/12\/elu_logo.png 500w\" sizes=\"(max-width: 100px) 100vw, 100px\" \/><\/p>\n<\/div><\/div><div class=\"avia-testimonial-meta\"><div class=\"avia-testimonial-arrow-wrap\"><div class=\"avia-arrow\"><\/div><\/div><div class='avia-testimonial-meta-mini'  itemprop=\"author\" itemscope=\"itemscope\" itemtype=\"https:\/\/schema.org\/Person\" ><strong  class='avia-testimonial-name'  itemprop=\"name\" >Uppdragsledarna Gustav Noren och Markus Steiner<\/strong><span  class='avia-testimonial-subtitle '  itemprop=\"jobTitle\" >ELU<\/span><\/div><\/div><\/div><\/div>\n<div class='avia-testimonial av-lcdnxh2g-9621c2f180d26c2fced1c46f048c1657 avia-testimonial-row-1 avia-last-testimonial flex_column no_margin av_one_half'><div class='avia-testimonial_inner'  itemscope=\"itemscope\" itemtype=\"https:\/\/schema.org\/CreativeWork\" ><div class='avia-testimonial-content '><div class='avia-testimonial-markup-entry-content'  itemprop=\"text\" ><p>F\u00f6rdjupad kompetens via Ytskyddsakademin st\u00e4rker kvalit\u00e9n p\u00e5 slutleveransen f\u00f6r FSP Sweden. Genom Ytskyddsakademin har FSP Sweden genomf\u00f6rt flera distansutbildningar f\u00f6r att bredda kunskapen om ytskydd hos personalen. \u201dGod utbildning ger personalen trygghet och kompetens. Detta st\u00e4rker v\u00e5ra tj\u00e4nster vilket i sin tur ger b\u00e4ttre leverans till slutkund. Engagemanget bland personalen har varit stort under Ytskyddsakademins samtliga utbildningar och framf\u00f6r allt har det varit roligt att genomf\u00f6ra kurserna.\u201d<\/p>\n<p><img decoding=\"async\" loading=\"lazy\" class=\"alignnone wp-image-3223\" src=\"http:\/\/www.avenyproduction.se\/ytskyddsakademienold\/wp-content\/uploads\/2023\/01\/FSP_logo-495x333.png\" alt=\"\" width=\"100\" height=\"67\" srcset=\"http:\/\/www.avenyproduction.se\/ytskyddsakademienold\/wp-content\/uploads\/2023\/01\/FSP_logo-495x333.png 495w, http:\/\/www.avenyproduction.se\/ytskyddsakademienold\/wp-content\/uploads\/2023\/01\/FSP_logo.png 500w\" sizes=\"(max-width: 100px) 100vw, 100px\" \/><\/p>\n<\/div><\/div><div class=\"avia-testimonial-meta\"><div class=\"avia-testimonial-arrow-wrap\"><div class=\"avia-arrow\"><\/div><\/div><div class='avia-testimonial-meta-mini'  itemprop=\"author\" itemscope=\"itemscope\" itemtype=\"https:\/\/schema.org\/Person\" ><strong  class='avia-testimonial-name'  itemprop=\"name\" >Jacob Ramberg, General Manager Western Europe<\/strong><span  class='avia-testimonial-subtitle '  itemprop=\"jobTitle\" >FSP<\/span><\/div><\/div><\/div><\/div><\/section>\n<section class=\"avia-testimonial-row\"><div class='avia-testimonial av-lcdnxh2g-ba610a9f0d9b710b62daddb43ff66e6b avia-testimonial-row-2 avia-first-testimonial flex_column no_margin av_one_half'><div class='avia-testimonial_inner'  itemscope=\"itemscope\" itemtype=\"https:\/\/schema.org\/CreativeWork\" ><div class='avia-testimonial-content '><div class='avia-testimonial-markup-entry-content'  itemprop=\"text\" ><p>F\u00f6r oss som jobbar med VA-infrastruktur utg\u00f6r Ytskyddsakademien en viktig samarbetspartner som besitter en erfarenhetsbank och \u201dknow-how\u201d erfarenhet som \u00e4r unik. Som uppdragsledare \u00e4r det v\u00e5r skyldighet att ta del av denna kunskapsbank och f\u00f6ra den vidare till v\u00e5ra kunder redan i ett utredningsskede. YSAkademiens grundtanke ligger dessutom helt i linje med v\u00e5r ambition att som en central samh\u00e4llsakt\u00f6r bidra till en h\u00e5llbar utveckling.<\/p>\n<p><img decoding=\"async\" loading=\"lazy\" class=\"alignnone wp-image-3224\" src=\"http:\/\/www.avenyproduction.se\/ytskyddsakademienold\/wp-content\/uploads\/2023\/01\/Norconsult-495x333.png\" alt=\"\" width=\"100\" height=\"67\" srcset=\"http:\/\/www.avenyproduction.se\/ytskyddsakademienold\/wp-content\/uploads\/2023\/01\/Norconsult-495x333.png 495w, http:\/\/www.avenyproduction.se\/ytskyddsakademienold\/wp-content\/uploads\/2023\/01\/Norconsult.png 500w\" sizes=\"(max-width: 100px) 100vw, 100px\" \/><\/p>\n<\/div><\/div><div class=\"avia-testimonial-meta\"><div class=\"avia-testimonial-arrow-wrap\"><div class=\"avia-arrow\"><\/div><\/div><div class='avia-testimonial-meta-mini'  itemprop=\"author\" itemscope=\"itemscope\" itemtype=\"https:\/\/schema.org\/Person\" ><strong  class='avia-testimonial-name'  itemprop=\"name\" >Uppdragsledare Bj\u00f6rn St\u00f6dberg<\/strong><span  class='avia-testimonial-subtitle '  itemprop=\"jobTitle\" >Norconsult<\/span><\/div><\/div><\/div><\/div>\n<div class='avia-testimonial av-lcdnxh2g-87a0825d40590eab197971de6cb8cbb8 avia-testimonial-row-2 avia-last-testimonial flex_column no_margin av_one_half'><div class='avia-testimonial_inner'  itemscope=\"itemscope\" itemtype=\"https:\/\/schema.org\/CreativeWork\" ><div class='avia-testimonial-content '><div class='avia-testimonial-markup-entry-content'  itemprop=\"text\" ><p>Vi ins\u00e5g f\u00f6r n\u00e5gra \u00e5r sedan att vi beh\u00f6ver bevara v\u00e5ra befintliga betongkonstruktioner. Detta f\u00f6r att bevara kapitalv\u00e4rdet i v\u00e5ra anl\u00e4ggningar, minskat investeringsbehov, samt samtidigt minska milj\u00f6p\u00e5verkan genom ett minskat behov av nybyggnation. F\u00f6r att erh\u00e5lla \u00f6kad kunskap n\u00e4r det g\u00e4ller renovering och ytskydd av betong har vi deltagit i ett antal av Ytskyddsakademiens utbildningar, seminarier och konferenser. Dessa har varit \u00f6ver f\u00f6rv\u00e4ntan d\u00e5 varje f\u00f6redragsh\u00e5llare har haft spetskompetens i sitt kunskapsomr\u00e5de. Erh\u00e5llen kunskap har gjort att vi har kunnat kontrollera om konsulter och entrepren\u00f6rer har den kunskap som \u00e4r n\u00f6dv\u00e4ndig f\u00f6r att kunna utf\u00f6ra inspektioner, tillst\u00e5ndsbed\u00f6mningar, renoveringar och ytskydd p\u00e5 v\u00e5ra betongkonstruktioner. Inspektionerna och tillst\u00e5ndsbed\u00f6mningar har identifierat de av v\u00e5ra betongkonstruktioner som beh\u00f6ver renoveras s\u00e5 att vi har kunnat l\u00e4gga upp en strukturerad f\u00f6rnyelseplanering. Detta arbete \u00e4r nu startat och komma att l\u00f6pa under m\u00e5nga \u00e5r fram\u00f6ver.<\/p>\n<\/div><\/div><div class=\"avia-testimonial-meta\"><div class=\"avia-testimonial-arrow-wrap\"><div class=\"avia-arrow\"><\/div><\/div><div class='avia-testimonial-meta-mini'  itemprop=\"author\" itemscope=\"itemscope\" itemtype=\"https:\/\/schema.org\/Person\" ><strong  class='avia-testimonial-name'  itemprop=\"name\" >Roger Allen<\/strong><span  class='avia-testimonial-subtitle '  itemprop=\"jobTitle\" >NODRA (Norrk\u00f6ping VA)<\/span><\/div><\/div><\/div><\/div><\/section>\n<\/div>\n<\/div><\/div><\/div><!-- close content main div --><\/div><\/div><div id='after_section_1'  class='main_color av_default_container_wrap container_wrap sidebar_left'  ><div class='container av-section-cont-open' ><div class='template-page content  av-content-small units'><div class='post-entry post-entry-type-page post-entry-1066'><div class='entry-content-wrapper clearfix'>\n","protected":false},"excerpt":{"rendered":"","protected":false},"author":1,"featured_media":0,"parent":0,"menu_order":30,"comment_status":"closed","ping_status":"open","template":"","meta":{"footnotes":""},"_links":{"self":[{"href":"http:\/\/www.avenyproduction.se\/ytskyddsakademienold\/wp-json\/wp\/v2\/pages\/1066"}],"collection":[{"href":"http:\/\/www.avenyproduction.se\/ytskyddsakademienold\/wp-json\/wp\/v2\/pages"}],"about":[{"href":"http:\/\/www.avenyproduction.se\/ytskyddsakademienold\/wp-json\/wp\/v2\/types\/page"}],"author":[{"embeddable":true,"href":"http:\/\/www.avenyproduction.se\/ytskyddsakademienold\/wp-json\/wp\/v2\/users\/1"}],"replies":[{"embeddable":true,"href":"http:\/\/www.avenyproduction.se\/ytskyddsakademienold\/wp-json\/wp\/v2\/comments?post=1066"}],"version-history":[{"count":8,"href":"http:\/\/www.avenyproduction.se\/ytskyddsakademienold\/wp-json\/wp\/v2\/pages\/1066\/revisions"}],"predecessor-version":[{"id":3258,"href":"http:\/\/www.avenyproduction.se\/ytskyddsakademienold\/wp-json\/wp\/v2\/pages\/1066\/revisions\/3258"}],"wp:attachment":[{"href":"http:\/\/www.avenyproduction.se\/ytskyddsakademienold\/wp-json\/wp\/v2\/media?parent=1066"}],"curies":[{"name":"wp","href":"https:\/\/api.w.org\/{rel}","templated":true}]}}