{"id":3,"date":"2020-04-27T09:17:40","date_gmt":"2020-04-27T07:17:40","guid":{"rendered":"http:\/\/www.avenyproduction.se\/ytskyddsakademienold\/?page_id=3"},"modified":"2022-12-06T22:56:34","modified_gmt":"2022-12-06T21:56:34","slug":"dataskyddspolicy","status":"publish","type":"page","link":"http:\/\/www.avenyproduction.se\/ytskyddsakademienold\/dataskyddspolicy\/","title":{"rendered":"Dataskyddspolicy"},"content":{"rendered":"\n<style type=\"text\/css\" data-created_by=\"avia_inline_auto\" id=\"style-css-av-31op-b6ee63b6191a0c4ddb47c872d09c829d\">\n.flex_column.av-31op-b6ee63b6191a0c4ddb47c872d09c829d{\nborder-radius:0px 0px 0px 0px;\npadding:0px 0px 0px 0px;\n}\n<\/style>\n<div  class='flex_column av-31op-b6ee63b6191a0c4ddb47c872d09c829d av_one_full  avia-builder-el-0  el_before_av_one_half  avia-builder-el-first  first flex_column_div av-zero-column-padding  '     ><p>\n<style type=\"text\/css\" data-created_by=\"avia_inline_auto\" id=\"style-css-av-k9jomcrz-fb882dc5927b1a2551ccf0cdd6f995f5\">\n#top .av-special-heading.av-k9jomcrz-fb882dc5927b1a2551ccf0cdd6f995f5{\npadding-bottom:10px;\n}\nbody .av-special-heading.av-k9jomcrz-fb882dc5927b1a2551ccf0cdd6f995f5 .av-special-heading-tag .heading-char{\nfont-size:25px;\n}\n.av-special-heading.av-k9jomcrz-fb882dc5927b1a2551ccf0cdd6f995f5 .av-subheading{\nfont-size:15px;\n}\n\n@media only screen and (max-width: 479px){ \n#top #wrap_all .av-special-heading.av-k9jomcrz-fb882dc5927b1a2551ccf0cdd6f995f5 .av-special-heading-tag{\nfont-size:25px;\n}\n}\n<\/style>\n<div  class='av-special-heading av-k9jomcrz-fb882dc5927b1a2551ccf0cdd6f995f5 av-special-heading-h1 blockquote modern-quote modern-centered  avia-builder-el-1  el_before_av_hr  avia-builder-el-first '><h1 class='av-special-heading-tag'  itemprop=\"headline\"  >Dataskyddspolicy<\/h1><div class=\"special-heading-border\"><div class=\"special-heading-inner-border\"><\/div><\/div><\/div><br \/>\n\n<style type=\"text\/css\" data-created_by=\"avia_inline_auto\" id=\"style-css-av-k9i8moh2-0fc8c407daa66c14dbfd667ca13f3430\">\n#top .hr.av-k9i8moh2-0fc8c407daa66c14dbfd667ca13f3430{\nmargin-top:15px;\nmargin-bottom:30px;\n}\n.hr.av-k9i8moh2-0fc8c407daa66c14dbfd667ca13f3430 .hr-inner{\nwidth:75px;\nborder-color:#55b776;\n}\n<\/style>\n<div  class='hr av-k9i8moh2-0fc8c407daa66c14dbfd667ca13f3430 hr-custom  avia-builder-el-2  el_after_av_heading  el_before_av_textblock  hr-center hr-icon-no'><span class='hr-inner inner-border-av-border-fat'><span class=\"hr-inner-style\"><\/span><\/span><\/div><br \/>\n<section  class='av_textblock_section av-k9i8loxa-d839ed8273ee55a7de0bff9bbc1dfa59 '   itemscope=\"itemscope\" itemtype=\"https:\/\/schema.org\/CreativeWork\" ><div class='avia_textblock'  itemprop=\"text\" ><h3 style=\"text-align: center;\">Riktlinjer f\u00f6r Ytskyddsakademien AB personuppgiftsbehandling<\/h3>\n<p style=\"text-align: center;\">Dataskyddsf\u00f6rordningen (GDPR) g\u00e4ller som lag i alla EU:s medlemsl\u00e4nder fr\u00e5n och med den 25 maj 2018.<\/p>\n<\/div><\/section><\/p><\/div>\r\n<div class='flex_column_table av-ubh-402cac671e75da812f085a96e69136f2 sc-av_one_half av-equal-height-column-flextable'>\n<style type=\"text\/css\" data-created_by=\"avia_inline_auto\" id=\"style-css-av-ubh-402cac671e75da812f085a96e69136f2\">\n.flex_column.av-ubh-402cac671e75da812f085a96e69136f2{\nborder-radius:0px 0px 0px 0px;\npadding:45px 45px 45px 45px;\n}\n<\/style>\n<div  class='flex_column av-ubh-402cac671e75da812f085a96e69136f2 av_one_half  avia-builder-el-4  el_after_av_one_full  el_before_av_one_half  first flex_column_table_cell av-equal-height-column av-align-top  column-top-margin'     ><section  class='av_textblock_section av-k9i8f49o-01ab2e25311c82f762ac369a7bcdb629 '   itemscope=\"itemscope\" itemtype=\"https:\/\/schema.org\/CreativeWork\" ><div class='avia_textblock'  itemprop=\"text\" ><h4 class=\"wp-block-heading\">Vem \u00e4r ansvarig?<\/h4>\n<p>Den juridiska personen Ytskyddsakademien AB med org nr 556923-7604 \u00e4r personuppgiftsansvarig, vilket inneb\u00e4r att det \u00e4r vi som ansvarar f\u00f6r de personuppgifter som behandlas inom ramen f\u00f6r v\u00e5r verksamhet och att behandlingen f\u00f6ljer g\u00e4llande lagstiftning.<\/p>\n<h4>N\u00e4r samlar ni in mina personuppgifter?<\/h4>\n<p>Eftersom du kan komma i kontakt med Ytskyddsakademien p\u00e5 olika s\u00e4tt s\u00e5 kan behovet av att inh\u00e4mta personuppgifter se olika ut.<\/p>\n<h4>H\u00e4r kan du se i vilka situationer vi samlar in dina kontaktuppgifter:<\/h4>\n<ul>\n<li>Du deltager i n\u00e5gon av Ytskyddsakademiens konferenser, utbildningar eller m\u00e4ssor<\/li>\n<li>Du fyller i dina personuppgifter eller kontaktar oss p\u00e5 n\u00e5gon av v\u00e5ra plattformar som t.ex www.ytskyddsakademien.se, sociala medier, via telefon, postalt eller via e-post.<\/li>\n<li>Du anm\u00e4ler dig till v\u00e5rt nyhetsbrev<\/li>\n<li>Du registrerar dig som medlem eller kunskapssupport<\/li>\n<li>F\u00f6r fakturerings-, betalnings- och bokf\u00f6rings\u00e4ndam\u00e5l<\/li>\n<li>F\u00f6r marknadsf\u00f6rings\u00e4ndam\u00e5l eller kundservice<\/li>\n<\/ul>\n<h4>Vilka uppgifter lagrar ni?<\/h4>\n<p>F\u00f6retagsnamn, kontaktperson, adress, telefonnummer och mailadress.<\/p>\n<h4>L\u00e4mnar ni ut uppgifterna till tredje part?<\/h4>\n<p>Ja vi l\u00e4mnar ut uppgifterna till tredje part f\u00f6r att kunna informera de som \u00e4r intresserade av Ytskyddsakademiens aktiviteter s\u00e5som konferenser, utbildningar och m\u00e4ssor. Bitr\u00e4desavtal tecknas med tredje part.<\/p>\n<h4>Kan jag f\u00e5 mina uppgifter borttagna?<\/h4>\n<p>Ja du kan f\u00e5 alla dina uppgifter borttagna. Det \u00e4r bara att kontakta Ytskyddsakademien p\u00e5 <a href=\"mailto:info@ytskyddsakademien.se\">info@ytskyddsakademien.se<\/a><\/p>\n<h4>Hur l\u00e4nge sparas mina uppgifter?<\/h4>\n<p>Medlemmarnas uppgifter finns kvar i v\u00e5ra register s\u00e5 l\u00e4nge du \u00e4r medlem och \u00f6vriga personer 1 \u00e5r.<\/p>\n<h4>Avtal och r\u00e4ttslig f\u00f6rpliktelse<\/h4>\n<p>Om du exempelvis \u00e4r medlem i Ytskyddsakademien s\u00e5 \u00e4r det avtalet om medlemskap som \u00e4r den lagliga grunden f\u00f6r att vi ska behandla vissa basuppgifter om dig. Det kan ocks\u00e5 handla om annan svensk lagstiftning, exempelvis bokf\u00f6ringslagen och sekretesslagen, som kr\u00e4ver at vi behandlar personuppgifter.<\/p>\n<\/div><\/section><\/div>\r\n<div class='av-flex-placeholder'><\/div>\n<style type=\"text\/css\" data-created_by=\"avia_inline_auto\" id=\"style-css-av-4s9h-18f2571a7578994b4b2e16fbf18a9ea4\">\n.flex_column.av-4s9h-18f2571a7578994b4b2e16fbf18a9ea4{\nborder-radius:0px 0px 0px 0px;\npadding:45px 45px 45px 45px;\n}\n<\/style>\n<div  class='flex_column av-4s9h-18f2571a7578994b4b2e16fbf18a9ea4 av_one_half  avia-builder-el-6  el_after_av_one_half  el_before_av_one_full  flex_column_table_cell av-equal-height-column av-align-top  column-top-margin'     ><section  class='av_textblock_section av-k9i8f49o-df28f23b5576903248c7d073f134f99e '   itemscope=\"itemscope\" itemtype=\"https:\/\/schema.org\/CreativeWork\" ><div class='avia_textblock'  itemprop=\"text\" ><h4 class=\"wp-block-heading\">Ber\u00e4ttigat intresse<\/h4>\n<p>I vissa fall har Ytskyddsakademien ett s\u00e5 kallat ber\u00e4ttigat intresse. Det kan handla om att:<\/p>\n<ul>\n<li>Marknadsf\u00f6ra v\u00e5ra kunskaper f\u00f6r personer som inte varit i kontakt med oss tidigare<\/li>\n<li>Genomf\u00f6ra segmentering eller profilering av personer som redan \u00e4r medlemmar<\/li>\n<li>F\u00f6rb\u00e4ttra och analysera hur v\u00e5ra sociala plattformar fungerar<\/li>\n<li>Administrera medlemmarnas arbete<\/li>\n<li>Behandla dina uppgifter f\u00f6r att kunna fullg\u00f6ra best\u00e4llningar<\/li>\n<li>Genomf\u00f6ra marknadsunders\u00f6kningar och analyser<\/li>\n<li>Kommunicera f\u00f6r\u00e4ndringar i Ytskyddsakademiens villkor och policydokument<\/li>\n<\/ul>\n<h4>Samtycke<\/h4>\n<p>I de fall som du har l\u00e4mnat ditt samtycke har du alltid r\u00e4tt att n\u00e4rsomhelst \u00e5terkalla detta genom att kontakta oss:<\/p>\n<p>Ytskyddsakademien Sverige AB<br \/>Box 5273<br \/>402 25 G\u00f6teborg<\/p>\n<p>Telefon: 0706 57 57 88<\/p>\n<h4>Dina r\u00e4ttigheter<\/h4>\n<p>Du kan n\u00e4r som helst, utan kostnad, f\u00e5 information om de personuppgifter om dig som Ytskyddsakademien har sparade. Om n\u00e5gon uppgift \u00e4r felaktig kan du bara be oss \u00e4ndra i dina personuppgifter. Du kan ocks\u00e5 be oss att f\u00f6rst\u00f6ra eller avidentifiera dina personuppgifter. Du har \u00e4ven r\u00e4tt att f\u00e5 dina personuppgifter \u00f6verf\u00f6rda till en annan personuppgiftsansvarig, s.k. dataportabilitet. Du har \u00e4ven r\u00e4tt att be oss begr\u00e4nsa behandlingen av dina personuppgifter eller g\u00f6ra inv\u00e4ndningar mot Ytskyddsakademiens personuppgiftsbehandling. F\u00f6rfr\u00e5gan om \u00e4ndring, begr\u00e4nsning, inv\u00e4ndning, borttagande, dataportabilitet, funderingar, klagom\u00e5l och f\u00f6rslag avseende datas\u00e4kerhet skall skickas till<\/p>\n<p>Ytskyddsakademien Sverige AB<br \/>Box 5273<br \/>402 25 G\u00f6teborg<\/p>\n<p>Telefon: 0706 57 57 88<\/p>\n<p>eller via e-post till <a href=\"mailto:info@ytskyddsakademien.se\">info@ytskyddsakademien.se<\/a><\/p>\n<p>Du har ocks\u00e5 r\u00e4tt och m\u00f6jlighet att v\u00e4nda dig med klagom\u00e5l till Datainspektionen<br \/><a href=\"http:\/\/www.datainspektionen.se\/om-oss\/kontakta-oss\/\">http:\/\/www.datainspektionen.se\/om-oss\/kontakta-oss\/<\/a> avseende hanteringen av dina personuppgifter.<\/p>\n<\/div><\/section><\/div><\/div><!--close column table wrapper. Autoclose: 1 -->\n<style type=\"text\/css\" data-created_by=\"avia_inline_auto\" id=\"style-css-av-361n-5603f6234bca832553d2c007bf33308c\">\n.flex_column.av-361n-5603f6234bca832553d2c007bf33308c{\nborder-radius:0px 0px 0px 0px;\npadding:0px 0px 0px 0px;\n}\n<\/style>\n<div  class='flex_column av-361n-5603f6234bca832553d2c007bf33308c av_one_full  avia-builder-el-8  el_after_av_one_half  avia-builder-el-last  first flex_column_div av-zero-column-padding  column-top-margin'     ><section  class='av_textblock_section av-k9i8f49o-01ab2e25311c82f762ac369a7bcdb629 '   itemscope=\"itemscope\" itemtype=\"https:\/\/schema.org\/CreativeWork\" ><div class='avia_textblock'  itemprop=\"text\" ><p style=\"text-align: center;\"><strong>Ytskyddsakademien i Sverige AB<\/strong><br \/>c\/o Arkipelagen F\u00f6retagscenter<br \/>Stora \u00c5v\u00e4gen 21<br \/>436 34 Askim<\/p>\n<p style=\"text-align: center;\">Telefon: <a href=\"tel:031222560\">031-22 25 60<\/a><\/p>\n<p style=\"text-align: center;\"><a href=\"http:\/\/www.avenyproduction.se\/ytskyddsakademienold\">www.ytskyddsakademien.se<\/a><\/p>\n<\/div><\/section><\/div><\/p>","protected":false},"excerpt":{"rendered":"","protected":false},"author":1,"featured_media":0,"parent":0,"menu_order":5,"comment_status":"closed","ping_status":"open","template":"","meta":{"footnotes":""},"_links":{"self":[{"href":"http:\/\/www.avenyproduction.se\/ytskyddsakademienold\/wp-json\/wp\/v2\/pages\/3"}],"collection":[{"href":"http:\/\/www.avenyproduction.se\/ytskyddsakademienold\/wp-json\/wp\/v2\/pages"}],"about":[{"href":"http:\/\/www.avenyproduction.se\/ytskyddsakademienold\/wp-json\/wp\/v2\/types\/page"}],"author":[{"embeddable":true,"href":"http:\/\/www.avenyproduction.se\/ytskyddsakademienold\/wp-json\/wp\/v2\/users\/1"}],"replies":[{"embeddable":true,"href":"http:\/\/www.avenyproduction.se\/ytskyddsakademienold\/wp-json\/wp\/v2\/comments?post=3"}],"version-history":[{"count":13,"href":"http:\/\/www.avenyproduction.se\/ytskyddsakademienold\/wp-json\/wp\/v2\/pages\/3\/revisions"}],"predecessor-version":[{"id":36,"href":"http:\/\/www.avenyproduction.se\/ytskyddsakademienold\/wp-json\/wp\/v2\/pages\/3\/revisions\/36"}],"wp:attachment":[{"href":"http:\/\/www.avenyproduction.se\/ytskyddsakademienold\/wp-json\/wp\/v2\/media?parent=3"}],"curies":[{"name":"wp","href":"https:\/\/api.w.org\/{rel}","templated":true}]}}

<style type="text/css" data-created_by="avia_inline_auto" id="style-css-av-31op-b6ee63b6191a0c4ddb47c872d09c829d">
.flex_column.av-31op-b6ee63b6191a0c4ddb47c872d09c829d{
border-radius:0px 0px 0px 0px;
padding:0px 0px 0px 0px;
}
</style>
<div  class='flex_column av-31op-b6ee63b6191a0c4ddb47c872d09c829d av_one_full  avia-builder-el-0  el_before_av_one_half  avia-builder-el-first  first flex_column_div av-zero-column-padding  '     ><p>
<style type="text/css" data-created_by="avia_inline_auto" id="style-css-av-k9jomcrz-fb882dc5927b1a2551ccf0cdd6f995f5">
#top .av-special-heading.av-k9jomcrz-fb882dc5927b1a2551ccf0cdd6f995f5{
padding-bottom:10px;
}
body .av-special-heading.av-k9jomcrz-fb882dc5927b1a2551ccf0cdd6f995f5 .av-special-heading-tag .heading-char{
font-size:25px;
}
.av-special-heading.av-k9jomcrz-fb882dc5927b1a2551ccf0cdd6f995f5 .av-subheading{
font-size:15px;
}

@media only screen and (max-width: 479px){ 
#top #wrap_all .av-special-heading.av-k9jomcrz-fb882dc5927b1a2551ccf0cdd6f995f5 .av-special-heading-tag{
font-size:25px;
}
}
</style>
<div  class='av-special-heading av-k9jomcrz-fb882dc5927b1a2551ccf0cdd6f995f5 av-special-heading-h1 blockquote modern-quote modern-centered  avia-builder-el-1  el_before_av_hr  avia-builder-el-first '><h1 class='av-special-heading-tag'  itemprop="headline"  >Dataskyddspolicy</h1><div class="special-heading-border"><div class="special-heading-inner-border"></div></div></div><br />

<style type="text/css" data-created_by="avia_inline_auto" id="style-css-av-k9i8moh2-0fc8c407daa66c14dbfd667ca13f3430">
#top .hr.av-k9i8moh2-0fc8c407daa66c14dbfd667ca13f3430{
margin-top:15px;
margin-bottom:30px;
}
.hr.av-k9i8moh2-0fc8c407daa66c14dbfd667ca13f3430 .hr-inner{
width:75px;
border-color:#55b776;
}
</style>
<div  class='hr av-k9i8moh2-0fc8c407daa66c14dbfd667ca13f3430 hr-custom  avia-builder-el-2  el_after_av_heading  el_before_av_textblock  hr-center hr-icon-no'><span class='hr-inner inner-border-av-border-fat'><span class="hr-inner-style"></span></span></div><br />
<section  class='av_textblock_section av-k9i8loxa-d839ed8273ee55a7de0bff9bbc1dfa59 '   itemscope="itemscope" itemtype="https://schema.org/CreativeWork" ><div class='avia_textblock'  itemprop="text" ><h3 style="text-align: center;">Riktlinjer för Ytskyddsakademien AB personuppgiftsbehandling</h3>
<p style="text-align: center;">Dataskyddsförordningen (GDPR) gäller som lag i alla EU:s medlemsländer från och med den 25 maj 2018.</p>
</div></section></p></div>
<div class='flex_column_table av-ubh-402cac671e75da812f085a96e69136f2 sc-av_one_half av-equal-height-column-flextable'>
<style type="text/css" data-created_by="avia_inline_auto" id="style-css-av-ubh-402cac671e75da812f085a96e69136f2">
.flex_column.av-ubh-402cac671e75da812f085a96e69136f2{
border-radius:0px 0px 0px 0px;
padding:45px 45px 45px 45px;
}
</style>
<div  class='flex_column av-ubh-402cac671e75da812f085a96e69136f2 av_one_half  avia-builder-el-4  el_after_av_one_full  el_before_av_one_half  first flex_column_table_cell av-equal-height-column av-align-top  column-top-margin'     ><section  class='av_textblock_section av-k9i8f49o-01ab2e25311c82f762ac369a7bcdb629 '   itemscope="itemscope" itemtype="https://schema.org/CreativeWork" ><div class='avia_textblock'  itemprop="text" ><h4 class="wp-block-heading">Vem är ansvarig?</h4>
<p>Den juridiska personen Ytskyddsakademien AB med org nr 556923-7604 är personuppgiftsansvarig, vilket innebär att det är vi som ansvarar för de personuppgifter som behandlas inom ramen för vår verksamhet och att behandlingen följer gällande lagstiftning.</p>
<h4>När samlar ni in mina personuppgifter?</h4>
<p>Eftersom du kan komma i kontakt med Ytskyddsakademien på olika sätt så kan behovet av att inhämta personuppgifter se olika ut.</p>
<h4>Här kan du se i vilka situationer vi samlar in dina kontaktuppgifter:</h4>
<ul>
<li>Du deltager i någon av Ytskyddsakademiens konferenser, utbildningar eller mässor</li>
<li>Du fyller i dina personuppgifter eller kontaktar oss på någon av våra plattformar som t.ex www.ytskyddsakademien.se, sociala medier, via telefon, postalt eller via e-post.</li>
<li>Du anmäler dig till vårt nyhetsbrev</li>
<li>Du registrerar dig som medlem eller kunskapssupport</li>
<li>För fakturerings-, betalnings- och bokföringsändamål</li>
<li>För marknadsföringsändamål eller kundservice</li>
</ul>
<h4>Vilka uppgifter lagrar ni?</h4>
<p>Företagsnamn, kontaktperson, adress, telefonnummer och mailadress.</p>
<h4>Lämnar ni ut uppgifterna till tredje part?</h4>
<p>Ja vi lämnar ut uppgifterna till tredje part för att kunna informera de som är intresserade av Ytskyddsakademiens aktiviteter såsom konferenser, utbildningar och mässor. Biträdesavtal tecknas med tredje part.</p>
<h4>Kan jag få mina uppgifter borttagna?</h4>
<p>Ja du kan få alla dina uppgifter borttagna. Det är bara att kontakta Ytskyddsakademien på <a href="mailto:info@ytskyddsakademien.se">info@ytskyddsakademien.se</a></p>
<h4>Hur länge sparas mina uppgifter?</h4>
<p>Medlemmarnas uppgifter finns kvar i våra register så länge du är medlem och övriga personer 1 år.</p>
<h4>Avtal och rättslig förpliktelse</h4>
<p>Om du exempelvis är medlem i Ytskyddsakademien så är det avtalet om medlemskap som är den lagliga grunden för att vi ska behandla vissa basuppgifter om dig. Det kan också handla om annan svensk lagstiftning, exempelvis bokföringslagen och sekretesslagen, som kräver at vi behandlar personuppgifter.</p>
</div></section></div>
<div class='av-flex-placeholder'></div>
<style type="text/css" data-created_by="avia_inline_auto" id="style-css-av-4s9h-18f2571a7578994b4b2e16fbf18a9ea4">
.flex_column.av-4s9h-18f2571a7578994b4b2e16fbf18a9ea4{
border-radius:0px 0px 0px 0px;
padding:45px 45px 45px 45px;
}
</style>
<div  class='flex_column av-4s9h-18f2571a7578994b4b2e16fbf18a9ea4 av_one_half  avia-builder-el-6  el_after_av_one_half  el_before_av_one_full  flex_column_table_cell av-equal-height-column av-align-top  column-top-margin'     ><section  class='av_textblock_section av-k9i8f49o-df28f23b5576903248c7d073f134f99e '   itemscope="itemscope" itemtype="https://schema.org/CreativeWork" ><div class='avia_textblock'  itemprop="text" ><h4 class="wp-block-heading">Berättigat intresse</h4>
<p>I vissa fall har Ytskyddsakademien ett så kallat berättigat intresse. Det kan handla om att:</p>
<ul>
<li>Marknadsföra våra kunskaper för personer som inte varit i kontakt med oss tidigare</li>
<li>Genomföra segmentering eller profilering av personer som redan är medlemmar</li>
<li>Förbättra och analysera hur våra sociala plattformar fungerar</li>
<li>Administrera medlemmarnas arbete</li>
<li>Behandla dina uppgifter för att kunna fullgöra beställningar</li>
<li>Genomföra marknadsundersökningar och analyser</li>
<li>Kommunicera förändringar i Ytskyddsakademiens villkor och policydokument</li>
</ul>
<h4>Samtycke</h4>
<p>I de fall som du har lämnat ditt samtycke har du alltid rätt att närsomhelst återkalla detta genom att kontakta oss:</p>
<p>Ytskyddsakademien Sverige AB<br />Box 5273<br />402 25 Göteborg</p>
<p>Telefon: 0706 57 57 88</p>
<h4>Dina rättigheter</h4>
<p>Du kan när som helst, utan kostnad, få information om de personuppgifter om dig som Ytskyddsakademien har sparade. Om någon uppgift är felaktig kan du bara be oss ändra i dina personuppgifter. Du kan också be oss att förstöra eller avidentifiera dina personuppgifter. Du har även rätt att få dina personuppgifter överförda till en annan personuppgiftsansvarig, s.k. dataportabilitet. Du har även rätt att be oss begränsa behandlingen av dina personuppgifter eller göra invändningar mot Ytskyddsakademiens personuppgiftsbehandling. Förfrågan om ändring, begränsning, invändning, borttagande, dataportabilitet, funderingar, klagomål och förslag avseende datasäkerhet skall skickas till</p>
<p>Ytskyddsakademien Sverige AB<br />Box 5273<br />402 25 Göteborg</p>
<p>Telefon: 0706 57 57 88</p>
<p>eller via e-post till <a href="mailto:info@ytskyddsakademien.se">info@ytskyddsakademien.se</a></p>
<p>Du har också rätt och möjlighet att vända dig med klagomål till Datainspektionen<br /><a href="http://www.datainspektionen.se/om-oss/kontakta-oss/">http://www.datainspektionen.se/om-oss/kontakta-oss/</a> avseende hanteringen av dina personuppgifter.</p>
</div></section></div></div><!--close column table wrapper. Autoclose: 1 -->
<style type="text/css" data-created_by="avia_inline_auto" id="style-css-av-361n-5603f6234bca832553d2c007bf33308c">
.flex_column.av-361n-5603f6234bca832553d2c007bf33308c{
border-radius:0px 0px 0px 0px;
padding:0px 0px 0px 0px;
}
</style>
<div  class='flex_column av-361n-5603f6234bca832553d2c007bf33308c av_one_full  avia-builder-el-8  el_after_av_one_half  avia-builder-el-last  first flex_column_div av-zero-column-padding  column-top-margin'     ><section  class='av_textblock_section av-k9i8f49o-01ab2e25311c82f762ac369a7bcdb629 '   itemscope="itemscope" itemtype="https://schema.org/CreativeWork" ><div class='avia_textblock'  itemprop="text" ><p style="text-align: center;"><strong>Ytskyddsakademien i Sverige AB</strong><br />c/o Arkipelagen Företagscenter<br />Stora Åvägen 21<br />436 34 Askim</p>
<p style="text-align: center;">Telefon: <a href="tel:031222560">031-22 25 60</a></p>
<p style="text-align: center;"><a href="http://www.avenyproduction.se/ytskyddsakademienold">www.ytskyddsakademien.se</a></p>
</div></section></div></p>
